 of 2122.
2, 1061
What are the prime factors of 5254?
2, 37, 71
What are the prime factors of 1669?
1669
List the prime factors of 2189.
11, 199
What are the prime factors of 101273?
101273
List the prime factors of 9699.
3, 53, 61
List the prime factors of 969.
3, 17, 19
What are the prime factors of 42735?
3, 5, 7, 11, 37
What are the prime factors of 8164?
2, 13, 157
List the prime factors of 5914.
2, 2957
List the prime factors of 1896.
2, 3, 79
List the prime factors of 2206.
2, 1103
What are the prime factors of 9573?
3, 3191
What are the prime factors of 19117?
7, 2731
What are the prime factors of 119124?
2, 3, 1103
What are the prime factors of 1505?
5, 7, 43
List the prime factors of 1014.
2, 3, 13
List the prime factors of 22535.
5, 4507
List the prime factors of 34269.
3, 11423
List the prime factors of 93.
3, 31
List the prime factors of 161.
7, 23
List the prime factors of 558.
2, 3, 31
What are the prime factors of 17516?
2, 29, 151
List the prime factors of 104798.
2, 61, 859
What are the prime factors of 57485?
5, 11497
List the prime factors of 630.
2, 3, 5, 7
What are the prime factors of 9710?
2, 5, 971
What are the prime factors of 674?
2, 337
List the prime factors of 5045.
5, 1009
List the prime factors of 3623.
3623
List the prime factors of 2062.
2, 1031
What are the prime factors of 31689?
3, 7, 503
What are the prime factors of 146?
2, 73
What are the prime factors of 33409?
33409
List the prime factors of 458.
2, 229
What are the prime factors of 11005?
5, 31, 71
What are the prime factors of 18371?
18371
What are the prime factors of 2325?
3, 5, 31
What are the prime factors of 2687?
2687
List the prime factors of 23860.
2, 5, 1193
List the prime factors of 21546.
2, 3, 7, 19
List the prime factors of 12465.
3, 5, 277
List the prime factors of 132.
2, 3, 11
What are the prime factors of 3409?
7, 487
List the prime factors of 11786.
2, 71, 83
What are the prime factors of 1471?
1471
List the prime factors of 142082.
2, 19, 3739
What are the prime factors of 2169?
3, 241
List the prime factors of 760.
2, 5, 19
List the prime factors of 3327.
3, 1109
List the prime factors of 688.
2, 43
List the prime factors of 3109.
3109
What are the prime factors of 20209?
7, 2887
What are the prime factors of 11884?
2, 2971
What are the prime factors of 1482?
2, 3, 13, 19
List the prime factors of 2711.
2711
List the prime factors of 12281.
12281
List the prime factors of 604.
2, 151
List the prime factors of 28115.
5, 5623
List the prime factors of 10292.
2, 31, 83
What are the prime factors of 22419?
3, 47, 53
What are the prime factors of 1855?
5, 7, 53
What are the prime factors of 36764?
2, 7, 13, 101
List the prime factors of 76648.
2, 11, 13, 67
What are the prime factors of 997?
997
List the prime factors of 18749.
18749
List the prime factors of 42667.
42667
What are the prime factors of 12284?
2, 37, 83
What are the prime factors of 4838?
2, 41, 59
List the prime factors of 404.
2, 101
List the prime factors of 763.
7, 109
What are the prime factors of 2828?
2, 7, 101
List the prime factors of 5634.
2, 3, 313
List the prime factors of 70004.
2, 11, 37, 43
List the prime factors of 72619.
101, 719
What are the prime factors of 441?
3, 7
What are the prime factors of 1991?
11, 181
List the prime factors of 361.
19
What are the prime factors of 119475?
3, 5, 59
List the prime factors of 6095.
5, 23, 53
What are the prime factors of 5071?
11, 461
What are the prime factors of 9256?
2, 13, 89
What are the prime factors of 8493?
3, 19, 149
What are the prime factors of 10984?
2, 1373
What are the prime factors of 9063?
3, 19, 53
List the prime factors of 41896.
2, 5237
What are the prime factors of 37780?
2, 5, 1889
List the prime factors of 24224.
2, 757
What are the prime factors of 2017?
2017
List the prime factors of 124814.
2, 17, 3671
What are the prime factors of 2674?
2, 7, 191
What are the prime factors of 22592?
2, 353
What are the prime factors of 3424?
2, 107
What are the prime factors of 188661?
3, 11, 5717
What are the prime factors of 2562?
2, 3, 7, 61
List the prime factors of 8917.
37, 241
What are the prime factors of 4715?
5, 23, 41
What are the prime factors of 3282?
2, 3, 547
What are the prime factors of 3055?
5, 13, 47
What are the prime factors of 2478?
2, 3, 7, 59
What are the prime factors of 10442?
2, 23, 227
List the prime factors of 42283.
42283
What are the prime factors of 14611?
19, 769
List the prime factors of 11490.
2, 3, 5, 383
List the prime factors of 16087.
16087
What are the prime factors of 4083?
3, 1361
List the prime factors of 11384.
2, 1423
What are the prime factors of 79206?
2, 3, 43, 307
What are the prime factors of 99304?
2, 12413
What are the prime factors of 236?
2, 59
What are the prime factors of 1651?
13, 127
What are the prime factors of 178?
2, 89
What are the prime factors of 31427?
11, 2857
What are the prime factors of 13004?
2, 3251
What are the prime factors of 2832?
2, 3, 59
What are the prime factors of 4100?
2, 5, 41
What are the prime factors of 8828?
2, 2207
List the prime factors of 2250.
2, 3, 5
What are the prime factors of 788?
2, 197
List the prime factors of 6160.
2, 5, 7, 11
List the prime factors of 1603.
7, 229
List the prime factors of 597.
3, 199
List the prime factors of 76718.
2, 89, 431
List the prime factors of 93378.
2, 3, 79, 197
What are the prime factors of 76?
2, 19
What are the prime factors of 13845?
3, 5, 13, 71
List the prime factors of 1498.
2, 7, 107
List the prime factors of 2288.
2, 11, 13
What are the prime factors of 182750?
2, 5, 17, 43
List the prime factors of 21395.
5, 11, 389
List the prime factors of 48274.
2, 24137
What are the prime factors of 1206?
2, 3, 67
List the prime factors of 16533.
3, 11, 167
List the prime factors of 18368.
2, 7, 41
List the prime factors of 14057.
14057
What are the prime factors of 1273?
19, 67
What are the prime factors of 20075?
5, 11, 73
List the prime factors of 75776.
2, 37
List the prime factors of 26034.
2, 3, 4339
What are the prime factors of 56497?
7, 1153
What are the prime factors of 138557?
127, 1091
What are the prime factors of 1967?
7, 281
What are the prime factors of 353?
353
List the prime factors of 113192.
2, 14149
List the prime factors of 182485.
5, 36497
What are the prime factors of 33840?
2, 3, 5, 47
List the prime factors of 691.
691
List the prime factors of 36773.
11, 3343
List the prime factors of 114426.
2, 3, 13, 163
What are the prime factors of 827?
827
What are the prime factors of 854?
2, 7, 61
List the prime factors of 176.
2, 11
List the prime factors of 2875.
5, 23
What are the prime factors of 57738?
2, 3, 9623
What are the prime factors of 62481?
3, 59, 353
List the prime factors of 47.
47
List the prime factors of 2155.
5, 431
List the prime factors of 25570.
2, 5, 2557
What are the prime factors of 1509?
3, 503
List the prime factors of 809.
809
List the prime factors of 15575.
5, 7, 89
What are the prime factors of 4716?
2, 3, 131
What are the prime factors of 6020?
2, 5, 7, 43
What are the prime factors of 1218?
2, 3, 7, 29
List the prime factors of 56338.
2, 17, 1657
List the prime factors of 116.
2, 29
List the prime factors of 2658.
2, 3, 443
List the prime factors of 10549.
7, 11, 137
What are the prime factors of 145382?
2, 157, 463
What are the prime factors of 14748?
2, 3, 1229
List the prime factors of 33118.
2, 29, 571
List the prime factors of 1471.
1471
What are the prime factors of 21176?
2, 2647
List the prime factors of 458.
2, 229
List the prime factors of 77.
7, 11
List the prime factors of 420.
2, 3, 5, 7
What are the prime factors of 13482?
2, 3, 7, 107
What are the prime factors of 3405?
3, 5, 227
List the prime factors of 99.
3, 11
What are the prime factors of 19518?
2, 3, 3253
What are the prime factors of 149517?
3, 37, 449
What are the prime factors of 46527?
3, 13, 1193
What are the prime factors of 2689?
2689
What are the prime factors of 52329?
3, 17443
List the prime factors of 2715.
3, 5, 181
List the prime factors of 29996.
2, 7499
List the prime factors of 5230.
2, 5, 523
What are the prime factors of 668?
2, 167
What are the prime factors of 528?
2, 3, 11
List the prime factors of 1102.
2, 19, 29
List the prime fac